at is the remainder when 2661 is divided by 628?
149
Calculate the remainder when 42802 is divided by 446.
432
What is the remainder when 22818 is divided by 3252?
54
What is the remainder when 1592 is divided by 488?
128
Calculate the remainder when 1655268 is divided by 1813.
1812
What is the remainder when 5931334 is divided by 106?
104
What is the remainder when 1515 is divided by 198?
129
Calculate the remainder when 9293 is divided by 3041.
170
What is the remainder when 6248 is divided by 889?
25
What is the remainder when 17960 is divided by 1123?
1115
What is the remainder when 5218 is divided by 60?
58
Calculate the remainder when 21498894 is divided by 49.
46
What is the remainder when 148542 is divided by 74269?
4
What is the remainder when 389992 is divided by 8?
0
What is the remainder when 913439 is divided by 519?
518
Calculate the remainder when 1077 is divided by 164.
93
What is the remainder when 3285 is divided by 1327?
631
Calculate the remainder when 60022 is divided by 2301.
196
What is the remainder when 40499 is divided by 10122?
11
Calculate the remainder when 219 is divided by 33.
21
What is the remainder when 11712 is divided by 40?
32
What is the remainder when 2391 is divided by 4?
3
What is the remainder when 2822 is divided by 656?
198
Calculate the remainder when 13814 is divided by 141.
137
What is the remainder when 1367 is divided by 86?
77
What is the remainder when 8539 is divided by 2539?
922
Calculate the remainder when 294423 is divided by 33.
30
What is the remainder when 1115 is divided by 314?
173
Calculate the remainder when 85148 is divided by 4730.
8
Calculate the remainder when 17816 is divided by 17.
0
Calculate the remainder when 629883 is divided by 629876.
7
What is the remainder when 1139423 is divided by 729?
725
Calculate the remainder when 122015 is divided by 2000.
15
Calculate the remainder when 1787711 is divided by 192.
191
Calculate the remainder when 109418 is divided by 16.
10
What is the remainder when 6202424 is divided by 254?
252
What is the remainder when 16076 is divided by 61?
33
What is the remainder when 78115 is divided by 71?
15
What is the remainder when 1359566 is divided by 7?
5
Calculate the remainder when 24229 is divided by 238.
191
What is the remainder when 9093 is divided by 691?
110
Calculate the remainder when 31715 is divided by 197.
195
What is the remainder when 1363 is divided by 223?
25
What is the remainder when 41930 is divided by 22?
20
Calculate the remainder when 77065 is divided by 5925.
40
Calculate the remainder when 5778 is divided by 825.
3
What is the remainder when 7256 is divided by 39?
2
Calculate the remainder when 6846 is divided by 526.
8
What is the remainder when 2057 is divided by 299?
263
What is the remainder when 239 is divided by 203?
36
Calculate the remainder when 797 is divided by 741.
56
Calculate the remainder when 98835 is divided by 797.
7
Calculate the remainder when 3436 is divided by 1108.
112
What is the remainder when 58635 is divided by 4?
3
What is the remainder when 1582 is divided by 113?
0
Calculate the remainder when 2451749 is divided by 25.
24
Calculate the remainder when 1740 is divided by 55.
35
Calculate the remainder when 41725 is divided by 673.
672
Calculate the remainder when 192699 is divided by 82.
81
What is the remainder when 81750 is divided by 30?
0
What is the remainder when 17705 is divided by 7?
2
Calculate the remainder when 3641 is divided by 279.
14
What is the remainder when 2658 is divided by 920?
818
What is the remainder when 583652 is divided by 694?
692
Calculate the remainder when 458 is divided by 146.
20
What is the remainder when 1340 is divided by 48?
44
Calculate the remainder when 33198 is divided by 155.
28
Calculate the remainder when 2059486 is divided by 6.
4
What is the remainder when 215 is divided by 23?
8
What is the remainder when 910 is divided by 225?
10
Calculate the remainder when 122001 is divided by 24.
9
Calculate the remainder when 2642 is divided by 1313.
16
Calculate the remainder when 20412 is divided by 1443.
210
Calculate the remainder when 15468 is divided by 771.
48
Calculate the remainder when 1434313 is divided by 20.
13
Calculate the remainder when 1267 is divided by 354.
205
What is the remainder when 31471 is divided by 3142?
51
What is the remainder when 1995 is divided by 483?
63
What is the remainder when 44398 is divided by 617?
591
Calculate the remainder when 1294 is divided by 1186.
108
What is the remainder when 131480 is divided by 26292?
20
Calculate the remainder when 755 is divided by 348.
59
Calculate the remainder when 1273 is divided by 473.
327
Calculate the remainder when 3801 is divided by 24.
9
Calculate the remainder when 76830 is divided by 373.
365
Calculate the remainder when 20356 is divided by 284.
192
Calculate the remainder when 12889 is divided by 1431.
10
What is the remainder when 2225 is divided by 510?
185
What is the remainder when 1984106 is divided by 382?
380
Calculate the remainder when 58338 is divided by 2239.
124
What is the remainder when 496953 is divided by 18?
9
What is the remainder when 2777 is divided by 644?
201
What is the remainder when 7534 is divided by 288?
46
Calculate the remainder when 72073 is divided by 18016.
9
Calculate the remainder when 15027 is divided by 2760.
1227
Calculate the remainder when 14704 is divided by 7336.
32
What is the remainder when 106740 is divided by 35399?
543
What is the remainder when 193374 is divided by 26?
12
Calculate the remainder when 246514 is divided by 49298.
24
What is the remainder when 5380 is divided by 2560?
260
What is the remainder when 11480 is divided by 441?
14
What is the remainder when 26387 is divided by 8744?
155
Calculate the remainder when 12557668 is divided by 114.
112
Calculate the remainder when 27129 is divided by 13501.
127
What is the remainder when 22358 is divided by 104?
102
What is the remainder when 99297 is divided by 9928?
17
What is the remainder when 20929 is divided by 2067?
259
What is the remainder when 61637 is divided by 23?
20
Calculate the remainder when 3586 is divided by 199.
4
Calculate the remainder when 3236 is divided by 648.
644
Calculate the remainder when 3215 is divided by 538.
525
Calculate the remainder when 855700 is divided by 123.
112
Calculate the remainder when 791 is divided by 393.
5
What is the remainder when 9405 is divided by 196?
193
Calculate the remainder when 16562 is divided by 152.
146
Calculate the remainder when 6535 is divided by 6210.
325
What is the remainder when 86942 is divided by 50?
42
Calculate the remainder when 26504 is divided by 1118.
790
Calculate the remainder when 4369 is divided by 1430.
79
Calculate the remainder when 124894 is divided by 41614.
52
What is the remainder when 6548 is divided by 504?
500
Calculate the remainder when 141347 is divided by 85.
77
What is the remainder when 273025 is divided by 19?
14
Calculate the remainder when 1093 is divided by 340.
73
Calculate the remainder when 166840 is divided by 55601.
37
Calculate the remainder when 27273 is divided by 832.
649
Calculate the remainder when 51339 is divided by 1007.
989
Calculate the remainder when 13204 is divided by 119.
114
Calculate the remainder when 64349 is divided by 3.
2
Calculate the remainder when 913478 is divided by 23.
10
Calculate the remainder when 3044598 is divided by 50.
48
What is the remainder when 592927 is divided by 118585?
2
Calculate the remainder when 638398 is divided by 570.
568
What is the remainder when 1339 is divided by 671?
668
Calculate the remainder when 8063 is divided by 288.
287
What is the remainder when 54088 is divided by 24?
16
What is the remainder when 9490 is divided by 33?
19
Calculate the remainder when 8771 is divided by 417.
14
Calculate the remainder when 9015 is divided by 249.
51
Calculate the remainder when 94445 is divided by 23607.
17
What is the remainder when 3176 is divided by 3145?
31
What is the remainder when 8659 is divided by 248?
227
Calculate the remainder when 65847 is divided by 10973.
9
Calculate the remainder when 12876 is divided by 3215.
16
What is the remainder when 5313 is divided by 2624?
65
What is the remainder when 104845